or of 105534?
False
Is 11 a factor of 32296?
True
Is 468 a factor of 606528?
True
Is 3424948 a multiple of 1035?
False
Does 387 divide 6469092?
True
Is 1772640 a multiple of 20?
True
Does 15 divide 6926?
False
Is 25 a factor of 60150?
True
Does 3 divide 1169275?
False
Is 17 a factor of 253351?
True
Is 101475 a multiple of 451?
True
Does 2624 divide 29036436?
False
Does 63 divide 100485?
True
Is 49 a factor of 32928?
True
Is 111 a factor of 1171874?
False
Is 155 a factor of 470028?
False
Is 561 a factor of 616539?
True
Does 97 divide 242985?
True
Does 29 divide 1035884?
False
Is 716 a factor of 2830294?
False
Is 53938 a multiple of 2?
True
Is 539328 a multiple of 3?
True
Does 4 divide 1004?
True
Is 1032440 a multiple of 530?
True
Does 5 divide 335295?
True
Does 13 divide 9532997?
False
Is 26 a factor of 41002?
True
Is 13577729 a multiple of 21?
False
Is 9111625 a multiple of 25?
True
Is 4322 a multiple of 3?
False
Is 1293 a factor of 583143?
True
Is 35 a factor of 55580?
True
Is 5072011 a multiple of 34?
False
Is 10 a factor of 155716?
False
Is 696303 a multiple of 88?
False
Is 113088 a multiple of 62?
True
Does 208 divide 221454?
False
Is 2 a factor of 40390?
True
Is 43 a factor of 785501?
False
Is 19 a factor of 1287366?
False
Is 202176 a multiple of 9?
True
Does 379 divide 4169?
True
Is 1315 a factor of 4748465?
True
Is 25 a factor of 37050?
True
Does 859 divide 954648?
False
Is 121 a factor of 681290?
False
Does 42 divide 237039?
False
Is 27799 a multiple of 8?
False
Is 1012245 a multiple of 560?
False
Is 5711102 a multiple of 86?
False
Does 15 divide 3422535?
True
Is 13 a factor of 717626?
True
Is 60 a factor of 7157580?
True
Is 2405920 a multiple of 22?
True
Does 10 divide 81847?
False
Does 54 divide 1118070?
True
Is 11 a factor of 231312?
False
Is 792120 a multiple of 105?
True
Is 41 a factor of 23105?
False
Does 379 divide 37615?
False
Does 143 divide 420706?
True
Does 7 divide 12558?
True
Is 185222 a multiple of 2?
True
Is 26 a factor of 888887?
False
Is 6546930 a multiple of 30?
True
Is 343 a factor of 3317839?
True
Is 6683961 a multiple of 28?
False
Does 8 divide 223696?
True
Is 12548 a multiple of 45?
False
Is 447030 a multiple of 58?
False
Is 76350 a multiple of 22?
False
Is 43976 a multiple of 31?
False
Is 103 a factor of 1268033?
True
Does 284 divide 242536?
True
Is 140 a factor of 3969884?
False
Does 19 divide 8269751?
False
Is 186 a factor of 101938?
False
Does 5 divide 6417120?
True
Is 42 a factor of 160029?
False
Is 18 a factor of 12834?
True
Is 303419 a multiple of 241?
True
Is 74934 a multiple of 46?
True
Does 9 divide 3989677?
False
Is 366538 a multiple of 8?
False
Is 10743553 a multiple of 251?
True
Is 7968121 a multiple of 127?
False
Does 91 divide 1337245?
True
Does 751 divide 371624?
False
Does 132 divide 21521479?
False
Is 338 a factor of 2763150?
True
Does 61 divide 1320711?
True
Does 102 divide 104443?
False
Is 47 a factor of 2239?
False
Does 15 divide 212670?
True
Is 136230 a multiple of 6?
True
Does 3 divide 45814?
False
Does 6 divide 1840015?
False
Does 142 divide 49386?
False
Is 9 a factor of 202375?
False
Is 80 a factor of 211968?
False
Is 160 a factor of 4739624?
False
Is 10 a factor of 293490?
True
Does 317 divide 900500?
False
Is 5 a factor of 594564?
False
Is 18 a factor of 4691719?
False
Does 21 divide 11970800?
False
Is 32 a factor of 1336194?
False
Is 757 a factor of 29046090?
True
Is 18 a factor of 29624?
False
Does 18 divide 437163?
False
Does 11 divide 13439?
False
Is 56 a factor of 952102?
False
Is 5258955 a multiple of 181?
True
Is 30 a factor of 197721?
False
Does 31 divide 1209961?
True
Does 2 divide 1327057?
False
Is 14226 even?
True
Is 51416 a multiple of 81?
False
Is 2191506 a multiple of 7?
False
Is 69804 a multiple of 36?
True
Does 240 divide 1508650?
False
Is 200 a factor of 1515861?
False
Is 15 a factor of 21359325?
True
Is 137246 a multiple of 158?
False
Does 173 divide 17219555?
True
Is 13428 a multiple of 36?
True
Is 431505 a multiple of 194?
False
Does 207 divide 156285?
True
Is 98 a factor of 5336296?
True
Does 15 divide 114043?
False
Is 9681719 a multiple of 157?
True
Does 76 divide 258324?
True
Is 107 a factor of 382843?
False
Does 6 divide 3153?
False
Is 14943430 a multiple of 749?
False
Does 94 divide 129814?
True
Does 64 divide 85184?
True
Is 191 a factor of 558675?
True
Is 3049439 a multiple of 19?
False
Is 6 a factor of 4477901?
False
Does 35 divide 268267?
False
Does 13 divide 2124969?
False
Is 437138 a multiple of 43?
True
Does 10 divide 15289000?
True
Does 4 divide 49244?
True
Is 610080 a multiple of 16?
True
Is 3 a factor of 167923?
False
Is 34 a factor of 2110461?
False
Does 21 divide 329522?
False
Is 1379350 a multiple of 35?
True
Is 335 a factor of 1844318?
False
Does 27 divide 1029699?
True
Does 92 divide 1442286?
False
Is 150 a factor of 1151710?
False
Does 130 divide 2408380?
True
Is 10 a factor of 7302940?
True
Is 327499 a multiple of 94?
False
Is 39703 a multiple of 207?
False
Is 25411471 a multiple of 221?
False
Does 35 divide 212249?
False
Does 21 divide 195098?
False
Does 15 divide 71629?
False
Does 101 divide 5691249?
True
Does 214 divide 122622?
True
Is 392954 a multiple of 115?
False
Is 1040146 a multiple of 707?
False
Does 29 divide 95713?
False
Does 8 divide 1134112?
True
Is 6 a factor of 6542586?
True
Is 2276045 a multiple of 85?
True
Does 25 divide 163475?
True
Is 1581572 a multiple of 237?
False
Is 97181 a multiple of 7?
True
Is 193 a factor of 170805?
True
Is 4 a factor of 1060120?
True
Is 7255228 a multiple of 99?
False
Is 5 a factor of 1475750?
True
Is 2069155 a multiple of 21?
False
Does 12 divide 51123?
False
Is 13410 a multiple of 90?
True
Is 9947 a multiple of 4?
False
Does 56 divide 1649702?
False
Is 542 a factor of 317070?
True
Is 26 a factor of 887640?
True
Is 83048 a multiple of 9?
False
Does 19 divide 2617547?
False
Is 18798 a multiple of 4?
False
Does 8 divide 15680?
True
Is 55 a factor of 1863738?
False
Is 1741073 a multiple of 290?
False
Is 17826 even?
True
Is 865459 a multiple of 10?
False
Is 24716 a multiple of 37?
True
Is 18744 a multiple of 142?
True
Is 693339 a multiple of 34?
False
Is 169 a factor of 270389?
False
Is 279099 a multiple of 153?
False
Is 166 a factor of 28537122?
False
Is 4128 a multiple of 2?
True
Is 5801850 a multiple of 63?
False
Does 8 divide 272576?
True
Is 1529156 a multiple of 750?
False
Does 5 divide 2287924?
False
Does 238 divide 235092?
False
Does 31 divide 251228?
False
Does 13 divide 584064?
True
Is 105 a factor of 650319?
False
Is 206250 a multiple of 61?
False
Does 242 divide 1451917?
False
Is 198122 a multiple of 67?
False
Is 700960 a multiple of 26?
True
Is 31588 a multiple of 149?
True
Does 360 divide 147450?
False
Does 14 divide 1367492?
True
Does 32 divide 298848?
True
Is 3736980 a multiple of 117?
True
Does 88 divide 192632?
True
Does 25 divide 26749500?
True
Is 88 a factor of 230714?
False
Is 1948472 a multiple of 34?
True
Does 23 divide 2119458?
False
Does 67 divide 17991175?
True
Is 94 a factor of 1012380?
True
Is 18232 a multiple of 223?
False
Does 35 divide 4040470?
True
Is 102 a factor of 477178?
False
Is 76 a factor of 3238123?
False
Is 1321000 a multiple of 918?
False
Does 191 divide 514554?
True
Does 9 divide 421849?
False
Is 1977370 a multiple of 79?
True
Is 293 a factor of 16646502?
True
Is 17 a factor of 188036?
False
Is 116298 a multiple of 39?
True
Is 722765 a multiple of 19?
False
Is 32673 even?
False
Is 15 a factor of 1692885?
True
Does 24 divide 125433?
False
Is 244 a factor of 20445736?
True
Does 211 divide 496877?
False
Is 36 a factor of 6879975?
False
Is 153677 a multiple of 27?
False
Does 6 divide 6504004?
False
Does 416 divide 2216983?
False
Is 124 a factor of 521916?
True
Is 2075788 a multiple of 191?
True
Does 257 divide 267537?
True
Is 3 a factor of 696685?
False
Is 62 a factor of 2140581?
False
Is 293253 a multiple of 239?
True
Is 28 a factor of 134680?
True
Does 10 divide 61951?
False
Does 500 divide 8644508?
False
Does 10 divide 2003451?
False
Is 1753872 a multiple of 4?
True
Is 195 a factor of 13783876?
False
Is 100 a factor of 61100?
True
Is 763236 a multiple of 222?
True
Is 351687 a multiple of 21?
True
Is 762662 a multiple of 31?
True
Is 35 a factor of 2123870?
True